{"id":6635,"date":"2019-05-10T14:40:15","date_gmt":"2019-05-10T14:40:15","guid":{"rendered":"http:\/\/impreza.us-themes.com\/?page_id=6635"},"modified":"2025-12-12T17:48:44","modified_gmt":"2025-12-12T20:48:44","slug":"home","status":"publish","type":"page","link":"https:\/\/firefly.aero\/","title":{"rendered":"Inicio"},"content":{"rendered":"<section class=\"l-section wpb_row height_auto width_full\"><div class=\"l-section-h i-cf\"><div class=\"g-cols vc_row via_flex valign_top type_default stacking_default\"><div class=\"vc_col-sm-12 wpb_column vc_column_container\"><div class=\"vc_column-inner\"><div class=\"wpb_wrapper\"><div class=\"wpb_text_column\"><div class=\"wpb_wrapper\">\n\t\t\t\t<p class=\"rs-p-wp-fix\"><\/p>\n\t\t\t\t<sr7-module data-alias=\"slider-1\" data-id=\"1\" id=\"SR7_1_1\" class=\"rs-ov-hidden\" data-version=\"6.7.13\">\n\t\t\t\t\t<sr7-adjuster><\/sr7-adjuster>\n\t\t\t\t\t<sr7-content>\n\t\t\t\t\t\t<sr7-slide id=\"SR7_1_1-1\" data-key=\"1\">\n\t\t\t\t\t\t\t<sr7-txt id=\"SR7_1_1-1-1\" class=\"sr7-layer\">Es hora de tu <br><strong>pr\u00f3xima aventura<\/strong><\/sr7-txt>\n\t\t\t\t\t\t\t<sr7-txt id=\"SR7_1_1-1-3\" class=\"sr7-layer\">Descubre la magia de la cordillera desde las alturas<\/sr7-txt>\n\t\t\t\t\t\t\t<a id=\"SR7_1_1-1-4\" class=\"sr7-layer\" href=\"https:\/\/firefly.aero\/index.php\/reserva\/\" target=\"_self\">RESERVAR<\/a>\n\t\t\t\t\t\t<\/sr7-slide>\n\t\t\t\t\t\t<sr7-slide id=\"SR7_1_1-2\" data-key=\"2\">\n\t\t\t\t\t\t<\/sr7-slide>\n\t\t\t\t\t<\/sr7-content>\n\t\t\t\t\t<image_lists style=\"display:none\">\n\t\t\t\t\t\t<img data-src=\"\/\/firefly.aero\/wp-content\/uploads\/2025\/04\/Embalse-El-Yeso.mp4\" width=\"0\" height=\"0\" data-dbsrc=\"Ly9maXJlZmx5LmFlcm8vd3AtY29udGVudC91cGxvYWRzLzIwMjUvMDQvRW1iYWxzZS1FbC1ZZXNvLm1wNA==\"\/>\n\t\t\t\t\t<\/image_lists>\n\t\t\t\t<\/sr7-module>\n\t\t\t\t<script>\n\t\t\t\t\tSR7.PMH ??={}; SR7.PMH[\"SR7_1_1\"] = {cn:0,state:false,fn: function() { if (_tpt!==undefined && _tpt.prepareModuleHeight !== undefined) {  _tpt.prepareModuleHeight({id:\"SR7_1_1\",el:[900,900,768,960,720],type:'hero',shdw:'0',gh:[900,900,743,565,349],gw:[1240,1240,1024,778,480],vpt:['100px'],size:{fullWidth:true, fullHeight:false},mh:'0',onh:0,onw:0,bg:{color:'{\"orig\":\"transparent\",\"type\":\"solid\",\"string\":\"transparent\"}'}});   SR7.PMH[\"SR7_1_1\"].state=true;} else if((SR7.PMH[\"SR7_1_1\"].cn++)<100)\tsetTimeout( SR7.PMH[\"SR7_1_1\"].fn,19);}};SR7.PMH[\"SR7_1_1\" ].fn();\n\t\t\t\t<\/script>\n\n<\/div><\/div><\/div><\/div><\/div><\/div><\/div><\/section><section class=\"l-section wpb_row us_custom_d7e789b0 height_auto width_full\"><div class=\"l-section-overlay\" style=\"background:rgba(200,132,4,0.90)\"><\/div><div class=\"l-section-h i-cf\"><div class=\"g-cols vc_row via_flex valign_middle type_default stacking_default\"><div class=\"vc_col-sm-12 wpb_column vc_column_container\"><div class=\"vc_column-inner\"><div class=\"wpb_wrapper\"><div class=\"wpb_text_column us_custom_280d84c3 has_text_color\"><div class=\"wpb_wrapper\"><p style=\"text-align: center;\">\u00daNICO HELIC\u00d3PTERO CON CAPACIDAD PARA 7 PASAJEROS A BORDO<\/p>\n<\/div><\/div><\/div><\/div><\/div><\/div><\/div><\/section><section class=\"l-section wpb_row height_custom\"><div class=\"l-section-overlay\" style=\"background:#E6E2D7\"><\/div><div class=\"l-section-h i-cf\"><div class=\"g-cols vc_row via_flex valign_top type_default stacking_default\"><div class=\"vc_col-sm-12 wpb_column vc_column_container\"><div class=\"vc_column-inner\"><div class=\"wpb_wrapper\"><h1 class=\"w-text us_custom_3b3d2643 has_text_color\"><span class=\"w-text-h\"><span class=\"w-text-value\">VUELOS EN HELIC\u00d3PTERO<\/span><\/span><\/h1><div class=\"w-separator size_small\"><\/div><div class=\"g-cols wpb_row via_flex valign_top type_default stacking_default\"><div class=\"vc_col-sm-4 wpb_column vc_column_container\"><div class=\"vc_column-inner\"><div class=\"wpb_wrapper\"><div class=\"w-vwrapper us_custom_f6ba0cd5 align_center valign_top\"><div class=\"w-image align_center\"><div class=\"w-image-h\"><img decoding=\"async\" width=\"768\" height=\"513\" src=\"https:\/\/firefly.aero\/wp-content\/uploads\/2024\/10\/vuelos-a-la-cordillera.jpg\" class=\"attachment-full size-full\" alt=\"\" loading=\"lazy\" srcset=\"https:\/\/firefly.aero\/wp-content\/uploads\/2024\/10\/vuelos-a-la-cordillera.jpg 768w, https:\/\/firefly.aero\/wp-content\/uploads\/2024\/10\/vuelos-a-la-cordillera-600x401.jpg 600w, https:\/\/firefly.aero\/wp-content\/uploads\/2024\/10\/vuelos-a-la-cordillera-300x200.jpg 300w\" sizes=\"auto, (max-width: 768px) 100vw, 768px\" \/><\/div><\/div><h1 class=\"w-text us_custom_97c96213 has_text_color\"><a href=\"https:\/\/firefly.aero\/index.php\/portfolio\/vuelos-a-la-cordillera\/\" class=\"w-text-h\"><span class=\"w-text-value\">VUELOS A LA CORDILLERA<\/span><\/a><\/h1><div class=\"wpb_text_column us_custom_4026425e has_text_color\"><div class=\"wpb_wrapper\"><p>Disfruta de vistas panor\u00e1micas de picos nevados, glaciares y lagos cristalinos. \u00a1La cordillera te espera con los brazos abiertos!<\/p>\n<\/div><\/div><div class=\"w-hwrapper valign_top align_center\"><div class=\"w-btn-wrapper align_center\"><a class=\"w-btn us-btn-style_1 us_custom_eb849559\" href=\"https:\/\/firefly.aero\/index.php\/portfolio\/vuelos-a-la-cordillera\/\"><span class=\"w-btn-label\">VER M\u00c1S<\/span><\/a><\/div><div class=\"w-btn-wrapper align_center\"><a class=\"w-btn us-btn-style_1 us_custom_eb849559\" href=\"https:\/\/firefly.aero\/index.php\/reserva\/#formulario\"><span class=\"w-btn-label\">RESERVAR<\/span><\/a><\/div><\/div><div class=\"w-separator size_small\"><\/div><\/div><\/div><\/div><\/div><div class=\"vc_col-sm-4 wpb_column vc_column_container\"><div class=\"vc_column-inner\"><div class=\"wpb_wrapper\"><div class=\"w-vwrapper us_custom_f6ba0cd5 align_center valign_top\"><div class=\"w-image align_center\"><div class=\"w-image-h\"><img decoding=\"async\" width=\"768\" height=\"513\" src=\"https:\/\/firefly.aero\/wp-content\/uploads\/2025\/03\/Vuelos-a-la-Nieve-5.jpg\" class=\"attachment-full size-full\" alt=\"\" loading=\"lazy\" srcset=\"https:\/\/firefly.aero\/wp-content\/uploads\/2025\/03\/Vuelos-a-la-Nieve-5.jpg 768w, https:\/\/firefly.aero\/wp-content\/uploads\/2025\/03\/Vuelos-a-la-Nieve-5-600x401.jpg 600w, https:\/\/firefly.aero\/wp-content\/uploads\/2025\/03\/Vuelos-a-la-Nieve-5-300x200.jpg 300w\" sizes=\"auto, (max-width: 768px) 100vw, 768px\" \/><\/div><\/div><h1 class=\"w-text us_custom_5c67fe58 has_text_color\"><a href=\"https:\/\/firefly.aero\/index.php\/portfolio\/vuelos-a-la-nieve\/\" class=\"w-text-h\"><span class=\"w-text-value\">VUELOS A LA NIEVE<\/span><\/a><\/h1><div class=\"wpb_text_column us_custom_4026425e has_text_color\"><div class=\"wpb_wrapper\"><p><span>Disfrute de una experiencia \u00fanica sobre los paisajes nevados con nuestros exclusivos\u00a0<\/span><strong>vuelos a la nieve<\/strong><span>.\u00a0<\/span><\/p>\n<\/div><\/div><div class=\"w-hwrapper valign_top align_center\"><div class=\"w-btn-wrapper align_center\"><a class=\"w-btn us-btn-style_1 us_custom_eb849559\" href=\"https:\/\/firefly.aero\/index.php\/portfolio\/vuelos-a-la-nieve\/\"><span class=\"w-btn-label\">VER M\u00c1S<\/span><\/a><\/div><div class=\"w-btn-wrapper align_center\"><a class=\"w-btn us-btn-style_1 us_custom_eb849559\" href=\"https:\/\/firefly.aero\/index.php\/reserva\/#formulario\"><span class=\"w-btn-label\">RESERVAR<\/span><\/a><\/div><\/div><div class=\"w-separator size_small\"><\/div><\/div><\/div><\/div><\/div><div class=\"vc_col-sm-4 wpb_column vc_column_container\"><div class=\"vc_column-inner\"><div class=\"wpb_wrapper\"><div class=\"w-vwrapper us_custom_f6ba0cd5 align_center valign_top\"><div class=\"w-image align_center\"><div class=\"w-image-h\"><img decoding=\"async\" width=\"768\" height=\"513\" src=\"https:\/\/firefly.aero\/wp-content\/uploads\/2024\/10\/los-andes-firefly-centro-de-ski-valle-nevado.jpg\" class=\"attachment-full size-full\" alt=\"\" loading=\"lazy\" srcset=\"https:\/\/firefly.aero\/wp-content\/uploads\/2024\/10\/los-andes-firefly-centro-de-ski-valle-nevado.jpg 768w, https:\/\/firefly.aero\/wp-content\/uploads\/2024\/10\/los-andes-firefly-centro-de-ski-valle-nevado-600x401.jpg 600w, https:\/\/firefly.aero\/wp-content\/uploads\/2024\/10\/los-andes-firefly-centro-de-ski-valle-nevado-300x200.jpg 300w\" sizes=\"auto, (max-width: 768px) 100vw, 768px\" \/><\/div><\/div><h1 class=\"w-text us_custom_323d8ed2 has_text_color\"><a href=\"https:\/\/firefly.aero\/index.php\/portfolio\/vuelos-a-valle-nevado\/\" class=\"w-text-h\"><span class=\"w-text-value\">VUELOS A VALLE NEVADO<\/span><\/a><\/h1><div class=\"wpb_text_column us_custom_4026425e has_text_color\"><div class=\"wpb_wrapper\"><p><span>Viva una experiencia \u00fanica sobre las imponentes monta\u00f1as de los Andes con nuestros exclusivos\u00a0<\/span><strong>vuelos a Valle Nevado<\/strong><span>.<\/span><\/p>\n<\/div><\/div><div class=\"w-hwrapper valign_top align_center\"><div class=\"w-btn-wrapper align_center\"><a class=\"w-btn us-btn-style_1 us_custom_eb849559\" href=\"https:\/\/firefly.aero\/index.php\/portfolio\/vuelos-a-valle-nevado\/\"><span class=\"w-btn-label\">VER M\u00c1S<\/span><\/a><\/div><div class=\"w-btn-wrapper align_center\"><a class=\"w-btn us-btn-style_1 us_custom_eb849559\" href=\"https:\/\/firefly.aero\/index.php\/reserva\/#formulario\"><span class=\"w-btn-label\">RESERVAR<\/span><\/a><\/div><\/div><div class=\"w-separator size_small\"><\/div><\/div><\/div><\/div><\/div><\/div><div class=\"g-cols wpb_row us_custom_e11ab399 via_flex valign_top type_default stacking_default\"><div class=\"vc_col-sm-6 wpb_column vc_column_container\"><div class=\"vc_column-inner\"><div class=\"wpb_wrapper\"><\/div><\/div><\/div><div class=\"vc_col-sm-6 wpb_column vc_column_container\"><div class=\"vc_column-inner\"><div class=\"wpb_wrapper\"><div class=\"w-separator size_large\"><\/div><div class=\"w-btn-wrapper align_right\"><a class=\"w-btn us-btn-style_16 us_custom_f03ee871\" href=\"https:\/\/firefly.aero\/index.php\/servicios\/\"><span class=\"w-btn-label\">Ver m\u00e1s<\/span><\/a><\/div><\/div><\/div><\/div><\/div><\/div><\/div><\/div><\/div><\/div><\/section><section class=\"l-section wpb_row height_auto width_full\"><div class=\"l-section-h i-cf\"><div class=\"g-cols vc_row via_flex valign_top type_default stacking_default\"><div class=\"vc_col-sm-12 wpb_column vc_column_container\"><div class=\"vc_column-inner\"><div class=\"wpb_wrapper\"><div class=\"wpb_text_column\"><div class=\"wpb_wrapper\">\n\t\t\t\t<p class=\"rs-p-wp-fix\"><\/p>\n\t\t\t\t<sr7-module data-alias=\"slider-2\" data-id=\"2\" id=\"SR7_2_2\" class=\"rs-ov-hidden\" data-version=\"6.7.13\">\n\t\t\t\t\t<sr7-adjuster><\/sr7-adjuster>\n\t\t\t\t\t<sr7-content>\n\t\t\t\t\t\t<sr7-slide id=\"SR7_2_2-3\" data-key=\"3\">\n\t\t\t\t\t\t\t<sr7-txt id=\"SR7_2_2-3-1\" class=\"sr7-layer\">\u00a1Descubre Santiago en 30 minutos!<br><strong>Vuelos r\u00e1pidos con vistas impresionantes.<br \/>\n<\/sr7-txt>\n\t\t\t\t\t\t\t<a id=\"SR7_2_2-3-2\" class=\"sr7-layer\" href=\"https:\/\/firefly.aero\/index.php\/reserva\/\" target=\"_self\">RESERVAR<\/a>\n\t\t\t\t\t\t<\/sr7-slide>\n\t\t\t\t\t\t<sr7-slide id=\"SR7_2_2-4\" data-key=\"4\">\n\t\t\t\t\t\t<\/sr7-slide>\n\t\t\t\t\t<\/sr7-content>\n\t\t\t\t\t<image_lists style=\"display:none\">\n\t\t\t\t\t\t<img data-src=\"\/\/firefly.aero\/wp-content\/uploads\/2024\/10\/santiago-en-30.mp4\" width=\"0\" height=\"0\" data-dbsrc=\"Ly9maXJlZmx5LmFlcm8vd3AtY29udGVudC91cGxvYWRzLzIwMjQvMTAvc2FudGlhZ28tZW4tMzAubXA0\"\/>\n\t\t\t\t\t<\/image_lists>\n\t\t\t\t<\/sr7-module>\n\t\t\t\t<script>\n\t\t\t\t\tSR7.PMH ??={}; SR7.PMH[\"SR7_2_2\"] = {cn:0,state:false,fn: function() { if (_tpt!==undefined && _tpt.prepareModuleHeight !== undefined) {  _tpt.prepareModuleHeight({id:\"SR7_2_2\",el:[900,900,768,960,720],type:'standard',shdw:'0',gh:[900,900,743,565,349],gw:[1240,1240,1024,778,480],vpt:['100px'],size:{fullWidth:true, fullHeight:false},mh:'0',onh:0,onw:0,bg:{color:'{\"orig\":\"transparent\",\"type\":\"solid\",\"string\":\"transparent\"}'}});   SR7.PMH[\"SR7_2_2\"].state=true;} else if((SR7.PMH[\"SR7_2_2\"].cn++)<100)\tsetTimeout( SR7.PMH[\"SR7_2_2\"].fn,19);}};SR7.PMH[\"SR7_2_2\" ].fn();\n\t\t\t\t<\/script>\n\n<\/div><\/div><\/div><\/div><\/div><\/div><\/div><\/section><section class=\"l-section wpb_row height_auto\"><div class=\"l-section-h i-cf\"><div class=\"g-cols vc_row via_flex valign_top type_default stacking_default\"><div class=\"vc_col-sm-12 wpb_column vc_column_container\"><div class=\"vc_column-inner\"><div class=\"wpb_wrapper\"><div class=\"w-separator size_large\"><\/div><div class=\"w-gallery us_custom_2d9ebfef galeria-home fit_cover type_grid ratio_4x3 count_6\" style=\"--columns:3;--items-gap:15px;\"><div class=\"w-gallery-list\"><div class=\"w-gallery-item\"><div class=\"w-gallery-item-img\"><img loading=\"lazy\" decoding=\"async\" width=\"1053\" height=\"768\" src=\"https:\/\/firefly.aero\/wp-content\/uploads\/2024\/10\/COMPONENTES-FIREFLY-015.png\" class=\"attachment-full size-full\" alt=\"\" srcset=\"https:\/\/firefly.aero\/wp-content\/uploads\/2024\/10\/COMPONENTES-FIREFLY-015.png 1053w, https:\/\/firefly.aero\/wp-content\/uploads\/2024\/10\/COMPONENTES-FIREFLY-015-600x438.png 600w, https:\/\/firefly.aero\/wp-content\/uploads\/2024\/10\/COMPONENTES-FIREFLY-015-300x219.png 300w, https:\/\/firefly.aero\/wp-content\/uploads\/2024\/10\/COMPONENTES-FIREFLY-015-1024x747.png 1024w\" sizes=\"auto, (max-width: 1053px) 100vw, 1053px\" \/><\/div><\/div><div class=\"w-gallery-item\"><div class=\"w-gallery-item-img\"><img loading=\"lazy\" decoding=\"async\" width=\"1053\" height=\"768\" src=\"https:\/\/firefly.aero\/wp-content\/uploads\/2024\/10\/COMPONENTES-FIREFLY-016.png\" class=\"attachment-full size-full\" alt=\"\" srcset=\"https:\/\/firefly.aero\/wp-content\/uploads\/2024\/10\/COMPONENTES-FIREFLY-016.png 1053w, https:\/\/firefly.aero\/wp-content\/uploads\/2024\/10\/COMPONENTES-FIREFLY-016-600x438.png 600w, https:\/\/firefly.aero\/wp-content\/uploads\/2024\/10\/COMPONENTES-FIREFLY-016-300x219.png 300w, https:\/\/firefly.aero\/wp-content\/uploads\/2024\/10\/COMPONENTES-FIREFLY-016-1024x747.png 1024w\" sizes=\"auto, (max-width: 1053px) 100vw, 1053px\" \/><\/div><\/div><div class=\"w-gallery-item\"><div class=\"w-gallery-item-img\"><img loading=\"lazy\" decoding=\"async\" width=\"1053\" height=\"768\" src=\"https:\/\/firefly.aero\/wp-content\/uploads\/2024\/10\/COMPONENTES-FIREFLY-017.png\" class=\"attachment-full size-full\" alt=\"\" srcset=\"https:\/\/firefly.aero\/wp-content\/uploads\/2024\/10\/COMPONENTES-FIREFLY-017.png 1053w, https:\/\/firefly.aero\/wp-content\/uploads\/2024\/10\/COMPONENTES-FIREFLY-017-600x438.png 600w, https:\/\/firefly.aero\/wp-content\/uploads\/2024\/10\/COMPONENTES-FIREFLY-017-300x219.png 300w, https:\/\/firefly.aero\/wp-content\/uploads\/2024\/10\/COMPONENTES-FIREFLY-017-1024x747.png 1024w\" sizes=\"auto, (max-width: 1053px) 100vw, 1053px\" \/><\/div><\/div><div class=\"w-gallery-item\"><div class=\"w-gallery-item-img\"><img loading=\"lazy\" decoding=\"async\" width=\"1053\" height=\"768\" src=\"https:\/\/firefly.aero\/wp-content\/uploads\/2024\/10\/COMPONENTES-FIREFLY-018.png\" class=\"attachment-full size-full\" alt=\"\" srcset=\"https:\/\/firefly.aero\/wp-content\/uploads\/2024\/10\/COMPONENTES-FIREFLY-018.png 1053w, https:\/\/firefly.aero\/wp-content\/uploads\/2024\/10\/COMPONENTES-FIREFLY-018-600x438.png 600w, https:\/\/firefly.aero\/wp-content\/uploads\/2024\/10\/COMPONENTES-FIREFLY-018-300x219.png 300w, https:\/\/firefly.aero\/wp-content\/uploads\/2024\/10\/COMPONENTES-FIREFLY-018-1024x747.png 1024w\" sizes=\"auto, (max-width: 1053px) 100vw, 1053px\" \/><\/div><\/div><div class=\"w-gallery-item\"><div class=\"w-gallery-item-img\"><img loading=\"lazy\" decoding=\"async\" width=\"1053\" height=\"768\" src=\"https:\/\/firefly.aero\/wp-content\/uploads\/2024\/10\/COMPONENTES-FIREFLY-019.png\" class=\"attachment-full size-full\" alt=\"\" srcset=\"https:\/\/firefly.aero\/wp-content\/uploads\/2024\/10\/COMPONENTES-FIREFLY-019.png 1053w, https:\/\/firefly.aero\/wp-content\/uploads\/2024\/10\/COMPONENTES-FIREFLY-019-600x438.png 600w, https:\/\/firefly.aero\/wp-content\/uploads\/2024\/10\/COMPONENTES-FIREFLY-019-300x219.png 300w, https:\/\/firefly.aero\/wp-content\/uploads\/2024\/10\/COMPONENTES-FIREFLY-019-1024x747.png 1024w\" sizes=\"auto, (max-width: 1053px) 100vw, 1053px\" \/><\/div><\/div><div class=\"w-gallery-item\"><div class=\"w-gallery-item-img\"><img loading=\"lazy\" decoding=\"async\" width=\"1053\" height=\"768\" src=\"https:\/\/firefly.aero\/wp-content\/uploads\/2024\/10\/COMPONENTES-FIREFLY-020.png\" class=\"attachment-full size-full\" alt=\"\" srcset=\"https:\/\/firefly.aero\/wp-content\/uploads\/2024\/10\/COMPONENTES-FIREFLY-020.png 1053w, https:\/\/firefly.aero\/wp-content\/uploads\/2024\/10\/COMPONENTES-FIREFLY-020-600x438.png 600w, https:\/\/firefly.aero\/wp-content\/uploads\/2024\/10\/COMPONENTES-FIREFLY-020-300x219.png 300w, https:\/\/firefly.aero\/wp-content\/uploads\/2024\/10\/COMPONENTES-FIREFLY-020-1024x747.png 1024w\" sizes=\"auto, (max-width: 1053px) 100vw, 1053px\" \/><\/div><\/div><\/div><\/div><div class=\"w-separator size_medium\"><\/div><\/div><\/div><\/div><\/div><\/div><\/section>\n","protected":false},"excerpt":{"rendered":"Es hora de tu pr\u00f3xima aventura Descubre la magia de la cordillera desde las alturas RESERVAR \u00daNICO HELIC\u00d3PTERO CON CAPACIDAD PARA 7 PASAJEROS A BORDO VUELOS EN HELIC\u00d3PTEROVUELOS A LA CORDILLERADisfruta de vistas panor\u00e1micas de picos nevados, glaciares y lagos cristalinos. \u00a1La cordillera te espera con los brazos abiertos! VER M\u00c1SRESERVARVUELOS A LA NIEVEDisfrute de...","protected":false},"author":3,"featured_media":0,"parent":0,"menu_order":0,"comment_status":"closed","ping_status":"closed","template":"","meta":{"footnotes":""},"class_list":["post-6635","page","type-page","status-publish","hentry"],"acf":[],"_links":{"self":[{"href":"https:\/\/firefly.aero\/index.php\/wp-json\/wp\/v2\/pages\/6635","targetHints":{"allow":["GET"]}}],"collection":[{"href":"https:\/\/firefly.aero\/index.php\/wp-json\/wp\/v2\/pages"}],"about":[{"href":"https:\/\/firefly.aero\/index.php\/wp-json\/wp\/v2\/types\/page"}],"author":[{"embeddable":true,"href":"https:\/\/firefly.aero\/index.php\/wp-json\/wp\/v2\/users\/3"}],"replies":[{"embeddable":true,"href":"https:\/\/firefly.aero\/index.php\/wp-json\/wp\/v2\/comments?post=6635"}],"version-history":[{"count":251,"href":"https:\/\/firefly.aero\/index.php\/wp-json\/wp\/v2\/pages\/6635\/revisions"}],"predecessor-version":[{"id":11426,"href":"https:\/\/firefly.aero\/index.php\/wp-json\/wp\/v2\/pages\/6635\/revisions\/11426"}],"wp:attachment":[{"href":"https:\/\/firefly.aero\/index.php\/wp-json\/wp\/v2\/media?parent=6635"}],"curies":[{"name":"wp","href":"https:\/\/api.w.org\/{rel}","templated":true}]}}