{"id":9104,"date":"2023-03-21T20:00:20","date_gmt":"2023-03-21T20:00:20","guid":{"rendered":"http:\/\/bioplagas.srtv.cl\/?page_id=9104"},"modified":"2025-05-15T11:08:29","modified_gmt":"2025-05-15T14:08:29","slug":"nosotros","status":"publish","type":"page","link":"https:\/\/firefly.aero\/index.php\/nosotros\/","title":{"rendered":"Nosotros"},"content":{"rendered":"<section class=\"l-section wpb_row us_custom_0bf07dea height_auto width_full\"><div class=\"l-section-overlay\" style=\"background:rgba(0,0,0,0.30)\"><\/div><div class=\"l-section-h i-cf\"><div class=\"g-cols vc_row via_flex valign_top type_default stacking_default\"><div class=\"vc_col-sm-2 wpb_column vc_column_container\"><div class=\"vc_column-inner\"><div class=\"wpb_wrapper\"><\/div><\/div><\/div><div class=\"vc_col-sm-8 wpb_column vc_column_container\"><div class=\"vc_column-inner\"><div class=\"wpb_wrapper\"><div class=\"w-vwrapper us_custom_bf2b7e1a titulo-envoltura align_center valign_middle\"><div class=\"w-separator hide_on_tablets hide_on_mobiles size_huge\"><\/div><div class=\"wpb_text_column us_custom_c366dbf8 has_text_color\"><div class=\"wpb_wrapper\"><p style=\"text-align: center;\">FIREFLY HELIC\u00d3PTEROS<\/p>\n<\/div><\/div><div class=\"w-separator hide_on_tablets hide_on_mobiles size_custom\" style=\"height:1rem\"><\/div><div class=\"wpb_text_column us_custom_a11ea704 has_text_color\"><div class=\"wpb_wrapper\"><p style=\"text-align: center;\">T\u00fa solo dinos d\u00f3nde quieres ir.<\/p>\n<\/div><\/div><div class=\"w-separator hide_on_tablets hide_on_mobiles size_medium\"><\/div><\/div><\/div><\/div><\/div><div class=\"vc_col-sm-2 wpb_column vc_column_container\"><div class=\"vc_column-inner\"><div class=\"wpb_wrapper\"><\/div><\/div><\/div><\/div><\/div><\/section><section class=\"l-section wpb_row us_custom_50de15b0 height_custom\"><div class=\"l-section-h i-cf\"><div class=\"g-cols vc_row via_flex valign_top type_default stacking_default\"><div class=\"vc_col-sm-3 wpb_column vc_column_container\"><div class=\"vc_column-inner us_custom_b9b769d5\"><div class=\"wpb_wrapper\"><div class=\"wpb_text_column us_custom_679afdcc\"><div class=\"wpb_wrapper\"><p>NOSOTROS<\/p>\n<\/div><\/div><div class=\"w-separator size_small\"><\/div><div class=\"wpb_text_column us_custom_c1e1fc50 has_text_color\"><div class=\"wpb_wrapper\"><p>ESPECIALISTAS EN<br \/>\nTRANSPORTE DE<br \/>\nPASAJEROS Y TURISMO<\/p>\n<\/div><\/div><\/div><\/div><\/div><div class=\"vc_col-sm-9 wpb_column vc_column_container\"><div class=\"vc_column-inner\"><div class=\"wpb_wrapper\"><div class=\"w-separator hide_on_tablets hide_on_mobiles size_medium\"><\/div><div class=\"wpb_text_column us_custom_50a62816\"><div class=\"wpb_wrapper\"><p>FIREFLY SpA es una empresa a\u00e9rea que se dedica al arriendo de helic\u00f3pteros, transporte de pasajeros, trabajos a\u00e9reos, vuelos charter, control de heladas, secado de frutales, fotograf\u00eda y filmaci\u00f3n \u00e1rea, turismo y vuelos V.I.P.<\/p>\n<\/div><\/div><\/div><\/div><\/div><\/div><\/div><\/section><section class=\"l-section wpb_row height_medium\"><div class=\"l-section-h i-cf\"><div class=\"g-cols vc_row via_flex valign_top type_default stacking_default\"><div class=\"vc_col-sm-4 wpb_column vc_column_container\"><div class=\"vc_column-inner\"><div class=\"wpb_wrapper\"><div class=\"w-image align_none\"><div class=\"w-image-h\"><img decoding=\"async\" width=\"1577\" height=\"2165\" src=\"https:\/\/firefly.aero\/wp-content\/uploads\/2024\/12\/Helicoptero.webp\" class=\"attachment-full size-full\" alt=\"\" loading=\"lazy\" srcset=\"https:\/\/firefly.aero\/wp-content\/uploads\/2024\/12\/Helicoptero.webp 1577w, https:\/\/firefly.aero\/wp-content\/uploads\/2024\/12\/Helicoptero-600x824.webp 600w, https:\/\/firefly.aero\/wp-content\/uploads\/2024\/12\/Helicoptero-219x300.webp 219w, https:\/\/firefly.aero\/wp-content\/uploads\/2024\/12\/Helicoptero-746x1024.webp 746w, https:\/\/firefly.aero\/wp-content\/uploads\/2024\/12\/Helicoptero-1119x1536.webp 1119w\" sizes=\"auto, (max-width: 1577px) 100vw, 1577px\" \/><\/div><\/div><div class=\"wpb_text_column us_custom_93d2d745 has_text_color\"><div class=\"wpb_wrapper\"><p style=\"text-align: center;\">HELIC\u00d3PTEROS<\/p>\n<\/div><\/div><\/div><\/div><\/div><div class=\"vc_col-sm-4 wpb_column vc_column_container\"><div class=\"vc_column-inner\"><div class=\"wpb_wrapper\"><div class=\"w-image us_custom_4037efd7 align_none\"><div class=\"w-image-h\"><img decoding=\"async\" width=\"746\" height=\"1024\" src=\"https:\/\/firefly.aero\/wp-content\/uploads\/2024\/10\/componentes-nosotros-FIREFLY-08_11zon-746x1024.webp\" class=\"attachment-large size-large\" alt=\"\" loading=\"lazy\" srcset=\"https:\/\/firefly.aero\/wp-content\/uploads\/2024\/10\/componentes-nosotros-FIREFLY-08_11zon-746x1024.webp 746w, https:\/\/firefly.aero\/wp-content\/uploads\/2024\/10\/componentes-nosotros-FIREFLY-08_11zon-600x824.webp 600w, https:\/\/firefly.aero\/wp-content\/uploads\/2024\/10\/componentes-nosotros-FIREFLY-08_11zon-219x300.webp 219w, https:\/\/firefly.aero\/wp-content\/uploads\/2024\/10\/componentes-nosotros-FIREFLY-08_11zon-1119x1536.webp 1119w, https:\/\/firefly.aero\/wp-content\/uploads\/2024\/10\/componentes-nosotros-FIREFLY-08_11zon.webp 1577w\" sizes=\"auto, (max-width: 746px) 100vw, 746px\" \/><\/div><\/div><div class=\"wpb_text_column us_custom_aeaa1b4d has_text_color\"><div class=\"wpb_wrapper\"><p style=\"text-align: center;\">PILOTOS<\/p>\n<\/div><\/div><\/div><\/div><\/div><div class=\"vc_col-sm-4 wpb_column vc_column_container\"><div class=\"vc_column-inner\"><div class=\"wpb_wrapper\"><div class=\"w-image us_custom_4037efd7 align_none\"><div class=\"w-image-h\"><img decoding=\"async\" width=\"741\" height=\"1024\" src=\"https:\/\/firefly.aero\/wp-content\/uploads\/2024\/10\/componentes-nosotros-FIREFLY-09-741x1024.webp\" class=\"attachment-large size-large\" alt=\"\" loading=\"lazy\" srcset=\"https:\/\/firefly.aero\/wp-content\/uploads\/2024\/10\/componentes-nosotros-FIREFLY-09-741x1024.webp 741w, https:\/\/firefly.aero\/wp-content\/uploads\/2024\/10\/componentes-nosotros-FIREFLY-09-600x829.webp 600w, https:\/\/firefly.aero\/wp-content\/uploads\/2024\/10\/componentes-nosotros-FIREFLY-09-217x300.webp 217w, https:\/\/firefly.aero\/wp-content\/uploads\/2024\/10\/componentes-nosotros-FIREFLY-09-1112x1536.webp 1112w, https:\/\/firefly.aero\/wp-content\/uploads\/2024\/10\/componentes-nosotros-FIREFLY-09.webp 1572w\" sizes=\"auto, (max-width: 741px) 100vw, 741px\" \/><\/div><\/div><div class=\"wpb_text_column us_custom_aeaa1b4d has_text_color\"><div class=\"wpb_wrapper\"><p style=\"text-align: center;\">EXPERIENCIA<\/p>\n<\/div><\/div><\/div><\/div><\/div><\/div><\/div><\/section><section class=\"l-section wpb_row prueba hide_on_mobiles height_auto width_full\"><div class=\"l-section-h i-cf\"><div class=\"g-cols vc_row via_flex valign_top type_default stacking_default\"><div class=\"vc_col-sm-6 wpb_column vc_column_container\"><div class=\"vc_column-inner\"><div class=\"wpb_wrapper\"><\/div><\/div><\/div><div class=\"vc_col-sm-6 wpb_column vc_column_container has_bg_color\"><div class=\"vc_column-inner us_custom_c099d413\"><div class=\"wpb_wrapper\"><\/div><\/div><\/div><\/div><\/div><\/section><section class=\"l-section wpb_row us_custom_2472f08c azul height_custom width_full\"><div class=\"l-section-overlay\" style=\"background:#051C3B\"><\/div><div class=\"l-section-h i-cf\"><div class=\"g-cols vc_row via_flex valign_top type_default stacking_default\"><div class=\"vc_col-sm-6 wpb_column vc_column_container\"><div class=\"vc_column-inner\"><div class=\"wpb_wrapper\"><div class=\"w-vwrapper us_custom_0e925513 align_left valign_top\"><div class=\"wpb_text_column us_custom_b24369e4 has_text_color\"><div class=\"wpb_wrapper\"><p>PILOTOS<\/p>\n<\/div><\/div><div class=\"wpb_text_column us_custom_50b0902d has_text_color\"><div class=\"wpb_wrapper\"><p>CAPACITADOS Y<br \/>\nHABILITADOS<\/p>\n<\/div><\/div><div class=\"w-separator us_custom_6df4bc3a has_text_color size_custom with_line width_30 thick_2 style_solid color_text align_center\" style=\"height:3rem\"><div class=\"w-separator-h\"><\/div><\/div><div class=\"wpb_text_column us_custom_a01a4ec4 has_text_color\"><div class=\"wpb_wrapper\"><p>Todos los pilotos, as\u00ed como el equipo de supervisores y mec\u00e1nicos, han sido capacitados y habilitados por los centros de instrucci\u00f3n de Agusta Westland y Pratt &amp; Wittney en Estados Unidos, en las ciudades de Philadelphia y Dallas, como asimismo en Alemania e Italia.<\/p>\n<\/div><\/div><\/div><\/div><\/div><\/div><div class=\"vc_col-sm-6 wpb_column vc_column_container\"><div class=\"vc_column-inner\"><div class=\"wpb_wrapper\"><div class=\"w-separator hide_on_default hide_on_laptops hide_on_tablets size_medium\"><\/div><div class=\"w-vwrapper us_custom_2e6ad7d8 texto align_left valign_top\"><div class=\"wpb_text_column us_custom_b24369e4 has_text_color\"><div class=\"wpb_wrapper\"><p>EXPERIENCIA<\/p>\n<\/div><\/div><div class=\"wpb_text_column us_custom_50b0902d has_text_color\"><div class=\"wpb_wrapper\"><p>M\u00c1S DE 30 A\u00d1OS<br \/>\nDE EXPERIENCIA<\/p>\n<\/div><\/div><div class=\"w-separator us_custom_6df4bc3a has_text_color size_custom with_line width_30 thick_2 style_solid color_text align_center\" style=\"height:3rem\"><div class=\"w-separator-h\"><\/div><\/div><div class=\"wpb_text_column us_custom_9413cc46 has_text_color\"><div class=\"wpb_wrapper\"><p>Contamos con m\u00e1s de 30 a\u00f1os de experiencia en helic\u00f3pteros de turbina, lo que otorga un alto grado de seguridad y una significativa tranquilidad a la hora de elegir los servicios de nuestra empresa.<\/p>\n<\/div><\/div><div class=\"w-separator size_small\"><\/div><div class=\"w-btn-wrapper align_center hide_on_tablets hide_on_mobiles\"><a class=\"w-btn us-btn-style_16\" href=\"https:\/\/firefly.aero\/index.php\/reserva\/\"><span class=\"w-btn-label\">RESERVAR<\/span><\/a><\/div><div class=\"w-btn-wrapper align_center hide_on_default hide_on_laptops\"><a class=\"w-btn us-btn-style_27\" href=\"https:\/\/firefly.aero\/index.php\/reserva\/\"><span class=\"w-btn-label\">RESERVAR<\/span><\/a><\/div><\/div><\/div><\/div><\/div><\/div><\/div><\/section><section class=\"l-section wpb_row height_custom\"><div class=\"l-section-h i-cf\"><div class=\"g-cols vc_row via_flex valign_top type_default stacking_default\"><div class=\"vc_col-sm-12 wpb_column vc_column_container\"><div class=\"vc_column-inner\"><div class=\"wpb_wrapper\"><div class=\"w-separator size_medium\"><\/div><\/div><\/div><\/div><\/div><\/div><\/section>\n","protected":false},"excerpt":{"rendered":"FIREFLY HELIC\u00d3PTEROS T\u00fa solo dinos d\u00f3nde quieres ir. NOSOTROS ESPECIALISTAS EN TRANSPORTE DE PASAJEROS Y TURISMO FIREFLY SpA es una empresa a\u00e9rea que se dedica al arriendo de helic\u00f3pteros, transporte de pasajeros, trabajos a\u00e9reos, vuelos charter, control de heladas, secado de frutales, fotograf\u00eda y filmaci\u00f3n \u00e1rea, turismo y vuelos V.I.P. HELIC\u00d3PTEROS PILOTOS EXPERIENCIA PILOTOS CAPACITADOS...","protected":false},"author":3,"featured_media":0,"parent":0,"menu_order":0,"comment_status":"closed","ping_status":"closed","template":"","meta":{"footnotes":""},"class_list":["post-9104","page","type-page","status-publish","hentry"],"acf":[],"_links":{"self":[{"href":"https:\/\/firefly.aero\/index.php\/wp-json\/wp\/v2\/pages\/9104","targetHints":{"allow":["GET"]}}],"collection":[{"href":"https:\/\/firefly.aero\/index.php\/wp-json\/wp\/v2\/pages"}],"about":[{"href":"https:\/\/firefly.aero\/index.php\/wp-json\/wp\/v2\/types\/page"}],"author":[{"embeddable":true,"href":"https:\/\/firefly.aero\/index.php\/wp-json\/wp\/v2\/users\/3"}],"replies":[{"embeddable":true,"href":"https:\/\/firefly.aero\/index.php\/wp-json\/wp\/v2\/comments?post=9104"}],"version-history":[{"count":228,"href":"https:\/\/firefly.aero\/index.php\/wp-json\/wp\/v2\/pages\/9104\/revisions"}],"predecessor-version":[{"id":10972,"href":"https:\/\/firefly.aero\/index.php\/wp-json\/wp\/v2\/pages\/9104\/revisions\/10972"}],"wp:attachment":[{"href":"https:\/\/firefly.aero\/index.php\/wp-json\/wp\/v2\/media?parent=9104"}],"curies":[{"name":"wp","href":"https:\/\/api.w.org\/{rel}","templated":true}]}}