{"id":9514,"date":"2024-10-16T08:46:25","date_gmt":"2024-10-16T11:46:25","guid":{"rendered":"https:\/\/firefly.aero\/?page_id=9514"},"modified":"2025-05-15T11:21:03","modified_gmt":"2025-05-15T14:21:03","slug":"reserva","status":"publish","type":"page","link":"https:\/\/firefly.aero\/index.php\/reserva\/","title":{"rendered":"Reserva"},"content":{"rendered":"<section class=\"l-section wpb_row us_custom_c3290710 height_auto width_full\"><div class=\"l-section-h i-cf\"><div class=\"g-cols vc_row via_flex valign_top type_default stacking_default\"><div class=\"vc_col-sm-2 wpb_column vc_column_container\"><div class=\"vc_column-inner\"><div class=\"wpb_wrapper\"><\/div><\/div><\/div><div class=\"vc_col-sm-8 wpb_column vc_column_container\"><div class=\"vc_column-inner\"><div class=\"wpb_wrapper\"><div class=\"w-vwrapper us_custom_bf2b7e1a titulo-envoltura align_center valign_middle\"><div class=\"w-separator hide_on_tablets hide_on_mobiles size_huge\"><\/div><div class=\"wpb_text_column us_custom_c366dbf8 has_text_color\"><div class=\"wpb_wrapper\"><p style=\"text-align: center;\">FIREFLY HELIC\u00d3PTEROS<\/p>\n<\/div><\/div><div class=\"w-separator hide_on_tablets hide_on_mobiles size_custom\" style=\"height:1rem\"><\/div><div class=\"wpb_text_column us_custom_a11ea704 has_text_color\"><div class=\"wpb_wrapper\"><p style=\"text-align: center;\">RESERVAS Y CONTACTO<\/p>\n<\/div><\/div><\/div><\/div><\/div><\/div><div class=\"vc_col-sm-2 wpb_column vc_column_container\"><div class=\"vc_column-inner\"><div class=\"wpb_wrapper\"><\/div><\/div><\/div><\/div><\/div><\/section><section class=\"l-section wpb_row us_custom_464f5025 height_custom\" id=\"formulario\"><div class=\"l-section-h i-cf\"><div class=\"g-cols vc_row via_flex valign_top type_default stacking_default\"><div class=\"vc_col-sm-8 wpb_column vc_column_container\"><div class=\"vc_column-inner us_custom_f6b3daf1\"><div class=\"wpb_wrapper\"><div class=\"w-separator size_small\"><\/div><div class=\"wpb_text_column us_custom_851c8cf7 has_text_color\"><div class=\"wpb_wrapper\"><p style=\"text-align: left;\">CONT\u00c1CTANOS<\/p>\n<\/div><\/div><div class=\"w-separator size_small\"><\/div><div class=\"wpb_text_column us_custom_ad5c9efb\"><div class=\"wpb_wrapper\"><p>Para informaci\u00f3n y reservas<\/p>\n<\/div><\/div>\n<div class=\"wpcf7 no-js\" id=\"wpcf7-f13-o1\" lang=\"es-ES\" dir=\"ltr\" data-wpcf7-id=\"13\">\n<div class=\"screen-reader-response\"><p role=\"status\" aria-live=\"polite\" aria-atomic=\"true\"><\/p> <ul><\/ul><\/div>\n<form action=\"\/index.php\/wp-json\/wp\/v2\/pages\/9514#wpcf7-f13-o1\" method=\"post\" class=\"wpcf7-form init\" aria-label=\"Formulario de contacto\" novalidate=\"novalidate\" data-status=\"init\">\n<div style=\"display: none;\">\n<input type=\"hidden\" name=\"_wpcf7\" value=\"13\" \/>\n<input type=\"hidden\" name=\"_wpcf7_version\" value=\"6.0\" \/>\n<input type=\"hidden\" name=\"_wpcf7_locale\" value=\"es_ES\" \/>\n<input type=\"hidden\" name=\"_wpcf7_unit_tag\" value=\"wpcf7-f13-o1\" \/>\n<input type=\"hidden\" name=\"_wpcf7_container_post\" value=\"0\" \/>\n<input type=\"hidden\" name=\"_wpcf7_posted_data_hash\" value=\"\" \/>\n<input type=\"hidden\" name=\"_wpcf7_recaptcha_response\" value=\"\" \/>\n<\/div>\n<div class=\"cont-formulario\">\n\t<div class=\"columna1\">\n\t\t<p><span class=\"wpcf7-form-control-wrap\" data-name=\"your-name\"><input size=\"40\" maxlength=\"400\" class=\"wpcf7-form-control wpcf7-text wpcf7-validates-as-required\" aria-required=\"true\" aria-invalid=\"false\" placeholder=\"Nombre\" value=\"\" type=\"text\" name=\"your-name\" \/><\/span>\n\t\t<\/p>\n\t\t<p><span class=\"wpcf7-form-control-wrap\" data-name=\"your-email\"><input size=\"40\" maxlength=\"400\" class=\"wpcf7-form-control wpcf7-email wpcf7-validates-as-required wpcf7-text wpcf7-validates-as-email\" aria-required=\"true\" aria-invalid=\"false\" placeholder=\"Correo\" value=\"\" type=\"email\" name=\"your-email\" \/><\/span>\n\t\t<\/p>\n\t\t<p><span class=\"wpcf7-form-control-wrap\" data-name=\"your-phone\"><input size=\"40\" maxlength=\"400\" class=\"wpcf7-form-control wpcf7-tel wpcf7-validates-as-required wpcf7-text wpcf7-validates-as-tel\" aria-required=\"true\" aria-invalid=\"false\" placeholder=\"Tel\u00e9fono\" value=\"\" type=\"tel\" name=\"your-phone\" \/><\/span>\n\t\t<\/p>\n\t<\/div>\n\t<p class=\"nota\"> Solo de Lunes a Viernes\n\t<\/p>\n\t<div class=\"columna2\">\n\t\t<p><span class=\"wpcf7-form-control-wrap\" data-name=\"elegir-dia\"><input class=\"wpcf7-form-control wpcf7-date wpcf7-validates-as-required wpcf7-validates-as-date\" aria-required=\"true\" aria-invalid=\"false\" value=\"\" type=\"date\" name=\"elegir-dia\" \/><\/span>\n\t\t<\/p>\n\t\t<p><span class=\"wpcf7-form-control-wrap\" data-name=\"hora\"><select class=\"wpcf7-form-control wpcf7-select wpcf7-validates-as-required\" aria-required=\"true\" aria-invalid=\"false\" name=\"hora\"><option value=\"\">Elige hora<\/option><option value=\"09:00 hrs\">09:00 hrs<\/option><option value=\"10:00 hrs\">10:00 hrs<\/option><option value=\"11:00 hrs\">11:00 hrs<\/option><option value=\"12:00 hrs\">12:00 hrs<\/option><option value=\"13:00 hrs\">13:00 hrs<\/option><option value=\"14:00 hrs\">14:00 hrs<\/option><option value=\"15:00 hrs\">15:00 hrs<\/option><option value=\"16:00 hrs\">16:00 hrs<\/option><option value=\"17:00 hrs\">17:00 hrs<\/option><option value=\"18:00 hrs\">18:00 hrs<\/option><\/select><\/span>\n\t\t<\/p>\n\t\t<p><span class=\"wpcf7-form-control-wrap\" data-name=\"Elegir-vuelo\"><select class=\"wpcf7-form-control wpcf7-select\" aria-invalid=\"false\" name=\"Elegir-vuelo\"><option value=\"Elegir vuelo\">Elegir vuelo<\/option><option value=\"Vuelos a valle nevado\">Vuelos a valle nevado<\/option><option value=\"Vuelos a la nieve\">Vuelos a la nieve<\/option><option value=\"Arriendo de helic\u00f3ptero\">Arriendo de helic\u00f3ptero<\/option><option value=\"Ruta del vino en helic\u00f3ptero\">Ruta del vino en helic\u00f3ptero<\/option><option value=\"Secados frutales a\u00e9reos\">Secados frutales a\u00e9reos<\/option><option value=\"Control de heladas\">Control de heladas<\/option><option value=\"Otros destinos\">Otros destinos<\/option><option value=\"Sobre vuela Santiago\">Sobre vuela Santiago<\/option><option value=\"Vuelos ejecutivos\">Vuelos ejecutivos<\/option><option value=\"Vuelos a balnearios\">Vuelos a balnearios<\/option><option value=\"Trabajo a\u00e9reos\">Trabajo a\u00e9reos<\/option><option value=\"Vuelos a la cordillera\">Vuelos a la cordillera<\/option><\/select><\/span>\n\t\t<\/p>\n\t<\/div>\n\t<p><input class=\"wpcf7-form-control wpcf7-submit has-spinner\" type=\"submit\" value=\"Enviar\" \/>\n\t<\/p>\n<\/div><p style=\"display: none !important;\" class=\"akismet-fields-container\" data-prefix=\"_wpcf7_ak_\"><label>&#916;<textarea name=\"_wpcf7_ak_hp_textarea\" cols=\"45\" rows=\"8\" maxlength=\"100\"><\/textarea><\/label><input type=\"hidden\" id=\"ak_js_1\" name=\"_wpcf7_ak_js\" value=\"189\"\/><script>document.getElementById( \"ak_js_1\" ).setAttribute( \"value\", ( new Date() ).getTime() );<\/script><\/p><div class=\"wpcf7-response-output\" aria-hidden=\"true\"><\/div>\n<\/form>\n<\/div>\n<div class=\"w-separator size_small\"><\/div><div class=\"g-cols wpb_row via_flex valign_top type_default stacking_default\"><div class=\"vc_col-sm-6 wpb_column vc_column_container\"><div class=\"vc_column-inner\"><div class=\"wpb_wrapper\"><p class=\"w-text us_custom_70178d07 has_text_color\"><span class=\"w-text-h\"><span class=\"w-text-value\">Oficina Central<\/span><\/span><\/p><div class=\"wpb_text_column\"><div class=\"wpb_wrapper\"><p><span>Hendaya #276, <\/span><span>Las Condes, Santiago<\/span><\/p>\n<\/div><\/div><div class=\"w-separator size_small\"><\/div><div class=\"w-vwrapper align_left valign_top\"><div class=\"w-hwrapper valign_top align_none\"><div class=\"wpb_text_column\"><div class=\"wpb_wrapper\"><p>E-mail.<\/p>\n<\/div><\/div><div class=\"w-text\"><a href=\"mailto:contacto@firefly.aero\" class=\"w-text-h\"><span class=\"w-text-value\">contacto@firefly.aero<\/span><\/a><\/div><\/div><\/div><div class=\"w-hwrapper valign_top align_none\"><div class=\"wpb_text_column\"><div class=\"wpb_wrapper\"><p>Tel.<\/p>\n<\/div><\/div><div class=\"w-text\"><a href=\"tel:(+56 9) 9848 4432\" class=\"w-text-h\"><span class=\"w-text-value\">(+56 9) 9848 4432<\/span><\/a><\/div><\/div><\/div><\/div><\/div><div class=\"vc_col-sm-6 wpb_column vc_column_container\"><div class=\"vc_column-inner\"><div class=\"wpb_wrapper\"><p class=\"w-text us_custom_70178d07 has_text_color\"><span class=\"w-text-h\"><span class=\"w-text-value\">Aer\u00f3dromo de Tobalaba<\/span><\/span><\/p><div class=\"wpb_text_column\"><div class=\"wpb_wrapper\"><p><span>Avda. Alcalde Fernando Catillo Velasco Nro. 7941, Hangar A2, <\/span><span>La Reina, Santiago.<\/span><\/p>\n<\/div><\/div><div class=\"w-separator size_small\"><\/div><div class=\"w-hwrapper valign_top align_none\"><div class=\"wpb_text_column\"><div class=\"wpb_wrapper\"><p>Tel.<\/p>\n<\/div><\/div><div class=\"w-text\"><a href=\"tel:(+56 9) 9848 4432\" class=\"w-text-h\"><span class=\"w-text-value\">(+56 9) 9848 4432<\/span><\/a><\/div><\/div><\/div><\/div><\/div><\/div><div class=\"w-separator size_medium\"><\/div><\/div><\/div><\/div><div class=\"vc_col-sm-4 wpb_column vc_column_container\"><div class=\"vc_column-inner us_custom_3cf4387e\"><div class=\"wpb_wrapper\"><div class=\"w-separator size_large\"><\/div><div class=\"w-video align_center ratio_initial\"><div class=\"w-video-h\"><video  preload=\"metadata\" playsinline autoplay loop muted><source type=\"video\/mp4\" src=\"\/wp-content\/uploads\/2025\/04\/valle-nevado-firefly.mp4\" \/><\/video><\/div><div class=\"w-video-icon\" style=\"font-size:1.5rem;background:rgba(0,0,0,0.5);color:#fff\"><\/div><\/div><\/div><\/div><\/div><\/div><\/div><\/section><section class=\"l-section wpb_row us_custom_31eef98e height_custom\"><div class=\"l-section-h i-cf\"><div class=\"g-cols vc_row via_flex valign_top type_default stacking_default\"><div class=\"vc_col-sm-12 wpb_column vc_column_container\"><div class=\"vc_column-inner\"><div class=\"wpb_wrapper\"><div class=\"w-separator size_small\"><\/div><div class=\"wpb_text_column us_custom_e75848f5 has_text_color\"><div class=\"wpb_wrapper\"><p style=\"text-align: center;\">Especialistas en transporte de pasajeros y turismo.<\/p>\n<\/div><\/div><\/div><\/div><\/div><\/div><\/div><\/section><section class=\"l-section wpb_row us_custom_a872defd height_auto width_full\"><div class=\"l-section-h i-cf\"><div class=\"g-cols vc_row via_flex valign_top type_default stacking_default\"><div class=\"vc_col-sm-12 wpb_column vc_column_container\"><div class=\"vc_column-inner\"><div class=\"wpb_wrapper\"><\/div><\/div><\/div><\/div><\/div><\/section>\n","protected":false},"excerpt":{"rendered":"FIREFLY HELIC\u00d3PTEROS RESERVAS Y CONTACTO CONT\u00c1CTANOS Para informaci\u00f3n y reservas Solo de Lunes a Viernes Elige hora09:00 hrs10:00 hrs11:00 hrs12:00 hrs13:00 hrs14:00 hrs15:00 hrs16:00 hrs17:00 hrs18:00 hrs Elegir vueloVuelos a valle nevadoVuelos a la nieveArriendo de helic\u00f3pteroRuta del vino en helic\u00f3pteroSecados frutales a\u00e9reosControl de heladasOtros destinosSobre vuela SantiagoVuelos ejecutivosVuelos a balneariosTrabajo a\u00e9reosVuelos a la cordillera...","protected":false},"author":3,"featured_media":0,"parent":0,"menu_order":0,"comment_status":"closed","ping_status":"closed","template":"","meta":{"footnotes":""},"class_list":["post-9514","page","type-page","status-publish","hentry"],"acf":[],"_links":{"self":[{"href":"https:\/\/firefly.aero\/index.php\/wp-json\/wp\/v2\/pages\/9514","targetHints":{"allow":["GET"]}}],"collection":[{"href":"https:\/\/firefly.aero\/index.php\/wp-json\/wp\/v2\/pages"}],"about":[{"href":"https:\/\/firefly.aero\/index.php\/wp-json\/wp\/v2\/types\/page"}],"author":[{"embeddable":true,"href":"https:\/\/firefly.aero\/index.php\/wp-json\/wp\/v2\/users\/3"}],"replies":[{"embeddable":true,"href":"https:\/\/firefly.aero\/index.php\/wp-json\/wp\/v2\/comments?post=9514"}],"version-history":[{"count":54,"href":"https:\/\/firefly.aero\/index.php\/wp-json\/wp\/v2\/pages\/9514\/revisions"}],"predecessor-version":[{"id":9711,"href":"https:\/\/firefly.aero\/index.php\/wp-json\/wp\/v2\/pages\/9514\/revisions\/9711"}],"wp:attachment":[{"href":"https:\/\/firefly.aero\/index.php\/wp-json\/wp\/v2\/media?parent=9514"}],"curies":[{"name":"wp","href":"https:\/\/api.w.org\/{rel}","templated":true}]}}