{"id":9658,"date":"2024-10-16T15:16:53","date_gmt":"2024-10-16T18:16:53","guid":{"rendered":"https:\/\/firefly.aero\/?page_id=9658"},"modified":"2025-05-15T11:21:42","modified_gmt":"2025-05-15T14:21:42","slug":"seguridad-y-tecnologia","status":"publish","type":"page","link":"https:\/\/firefly.aero\/index.php\/seguridad-y-tecnologia\/","title":{"rendered":"Seguridad y Tecnologia"},"content":{"rendered":"<section class=\"l-section wpb_row us_custom_c230c17c height_auto width_full\"><div class=\"l-section-overlay\" style=\"background:rgba(0,0,0,0.40)\"><\/div><div class=\"l-section-h i-cf\"><div class=\"g-cols vc_row via_flex valign_top type_default stacking_default\"><div class=\"vc_col-sm-2 wpb_column vc_column_container\"><div class=\"vc_column-inner\"><div class=\"wpb_wrapper\"><\/div><\/div><\/div><div class=\"vc_col-sm-8 wpb_column vc_column_container\"><div class=\"vc_column-inner\"><div class=\"wpb_wrapper\"><div class=\"w-vwrapper us_custom_bf2b7e1a titulo-envoltura align_center valign_middle\"><div class=\"w-separator hide_on_tablets hide_on_mobiles size_huge\"><\/div><div class=\"wpb_text_column us_custom_c366dbf8 has_text_color\"><div class=\"wpb_wrapper\"><p style=\"text-align: center;\">SEGURIDAD Y TECNOLOG\u00cdA<\/p>\n<\/div><\/div><div class=\"w-separator hide_on_tablets hide_on_mobiles size_custom\" style=\"height:1rem\"><\/div><div class=\"wpb_text_column us_custom_a11ea704 has_text_color\"><div class=\"wpb_wrapper\"><p style=\"text-align: center;\">La mejor tecnolog\u00eda<\/p>\n<\/div><\/div><div class=\"w-separator hide_on_tablets hide_on_mobiles size_medium\"><\/div><div class=\"w-btn-wrapper align_center\"><a class=\"w-btn us-btn-style_1\" href=\"https:\/\/firefly.aero\/index.php\/reserva\/\"><span class=\"w-btn-label\">RESERVA<\/span><\/a><\/div><\/div><\/div><\/div><\/div><div class=\"vc_col-sm-2 wpb_column vc_column_container\"><div class=\"vc_column-inner\"><div class=\"wpb_wrapper\"><\/div><\/div><\/div><\/div><\/div><\/section><section class=\"l-section wpb_row us_custom_e11ab399 height_small\"><div class=\"l-section-h i-cf\"><div class=\"g-cols vc_row via_flex valign_top type_default stacking_default\"><div class=\"vc_col-sm-6 wpb_column vc_column_container\"><div class=\"vc_column-inner us_custom_1aa65b38 us_animate_this\"><div class=\"wpb_wrapper\"><div class=\"wpb_text_column us_custom_679afdcc\"><div class=\"wpb_wrapper\"><p>HELIC\u00d3PTERO AGUSTA AW 119 MKII<\/p>\n<\/div><\/div><div class=\"w-separator size_small\"><\/div><div class=\"wpb_text_column us_custom_c1e1fc50 has_text_color\"><div class=\"wpb_wrapper\"><p>\u00daNICO HELIC\u00d3PTERO<br \/>\nCON CAPACIDAD DE 7<br \/>\nPASAJEROS A BORDO,<br \/>\nM\u00c1S PILOTO.<\/p>\n<\/div><\/div><\/div><\/div><\/div><div class=\"vc_col-sm-6 wpb_column vc_column_container\"><div class=\"vc_column-inner us_custom_36a2abed us_animate_this\"><div class=\"wpb_wrapper\"><div class=\"wpb_text_column us_custom_d535ae41\"><div class=\"wpb_wrapper\"><p>HELIC\u00d3PTERO AUGUSTA, moderno sistema a\u00e9reo, que permite identificar aeronaves cercanas. Contiene GPS de \u00faltima generaci\u00f3n con gran pantalla de visualizaci\u00f3n, marca Garmin modelo 530w. Uso de software para el control de los datos de vuelo y el control electr\u00f3nico del motor y su encendido. Sistema de advertencia de proximidad de terreno anexado al GPS.<\/p>\n<\/div><\/div><\/div><\/div><\/div><\/div><\/div><\/section><section class=\"l-section wpb_row height_medium width_full\"><div class=\"l-section-h i-cf\"><div class=\"g-cols vc_row via_flex valign_top type_default stacking_default\"><div class=\"vc_col-sm-6 wpb_column vc_column_container\"><div class=\"vc_column-inner\"><div class=\"wpb_wrapper\"><div class=\"w-separator size_medium\"><\/div><div class=\"w-image align_center\"><div class=\"w-image-h\"><img decoding=\"async\" width=\"600\" height=\"401\" src=\"https:\/\/firefly.aero\/wp-content\/uploads\/2024\/10\/gl-firefly-vuelo-2-600x401.jpg\" class=\"attachment-woocommerce_single size-woocommerce_single\" alt=\"\" loading=\"lazy\" srcset=\"https:\/\/firefly.aero\/wp-content\/uploads\/2024\/10\/gl-firefly-vuelo-2-600x401.jpg 600w, https:\/\/firefly.aero\/wp-content\/uploads\/2024\/10\/gl-firefly-vuelo-2-300x200.jpg 300w, https:\/\/firefly.aero\/wp-content\/uploads\/2024\/10\/gl-firefly-vuelo-2.jpg 768w\" sizes=\"auto, (max-width: 600px) 100vw, 600px\" \/><\/div><\/div><\/div><\/div><\/div><div class=\"vc_col-sm-6 wpb_column vc_column_container has_bg_color\"><div class=\"vc_column-inner us_custom_7343895d\"><div class=\"wpb_wrapper\"><div class=\"w-vwrapper us_custom_b64f9b22 align_left valign_top\"><div class=\"w-separator size_huge\"><\/div><div class=\"wpb_text_column us_custom_1b29cc2c has_text_color\"><div class=\"wpb_wrapper\"><p>AUDIO<\/p>\n<\/div><\/div><div class=\"wpb_text_column us_custom_148de437 has_text_color\"><div class=\"wpb_wrapper\"><p>SISTEMA DE<br \/>\nAUDIO<\/p>\n<\/div><\/div><div class=\"w-separator us_custom_6df4bc3a has_text_color size_custom with_line width_30 thick_2 style_solid color_text align_center\" style=\"height:2rem\"><div class=\"w-separator-h\"><\/div><\/div><div class=\"wpb_text_column us_custom_a01a4ec4 has_text_color\"><div class=\"wpb_wrapper\"><p>Los pasajeros podr\u00e1n disfrutar de la prestigiosa tecnolog\u00eda de la marca BOSE, en todos los fonos a bordo de la aeronave.<\/p>\n<\/div><\/div><div class=\"w-separator size_small\"><\/div><div class=\"wpb_text_column us_custom_1b29cc2c has_text_color\"><div class=\"wpb_wrapper\"><p>COMODIDAD<\/p>\n<\/div><\/div><div class=\"wpb_text_column us_custom_148de437 has_text_color\"><div class=\"wpb_wrapper\"><p>BUTACAS DE CUERO, AIRE<br \/>\nACONDICIONADO O CALEFACCI\u00d3N<\/p>\n<\/div><\/div><div class=\"w-separator us_custom_6df4bc3a has_text_color size_custom with_line width_30 thick_2 style_solid color_text align_center\" style=\"height:2rem\"><div class=\"w-separator-h\"><\/div><\/div><div class=\"wpb_text_column us_custom_a01a4ec4 has_text_color\"><div class=\"wpb_wrapper\"><p>Ocho c\u00f3modas butacas de cuero que junto al sistema de aire acondicionado y calefacci\u00f3n, permiten mantener la temperatura de nuestros pasajeros.<\/p>\n<\/div><\/div><div class=\"w-separator size_small\"><\/div><div class=\"wpb_text_column us_custom_1b29cc2c has_text_color\"><div class=\"wpb_wrapper\"><p>TECNOLOG\u00cdA Y ASISTENCIA COMPUTACIONAL<\/p>\n<\/div><\/div><div class=\"wpb_text_column us_custom_6c68509a has_text_color\"><div class=\"wpb_wrapper\"><p>VUELOS SIN<br \/>\nESCALAS<\/p>\n<\/div><\/div><div class=\"w-separator us_custom_6df4bc3a has_text_color size_custom with_line width_30 thick_2 style_solid color_text align_center\" style=\"height:2rem\"><div class=\"w-separator-h\"><\/div><\/div><div class=\"wpb_text_column us_custom_a01a4ec4 has_text_color\"><div class=\"wpb_wrapper\"><p>Gran autonom\u00eda de vuelo por espacio de 4 horas, velocidad de 300 km\/h, vuelos sin escalas por cerca de 1000 kms.<\/p>\n<\/div><\/div><\/div><\/div><\/div><\/div><\/div><\/div><\/section><section class=\"l-section wpb_row us_custom_7a79aa19 azul height_custom width_full\"><div class=\"l-section-overlay\" style=\"background:#051C3B\"><\/div><div class=\"l-section-h i-cf\"><div class=\"g-cols vc_row via_flex valign_top type_default stacking_default\"><div class=\"vc_col-sm-6 wpb_column vc_column_container\"><div class=\"vc_column-inner\"><div class=\"wpb_wrapper\"><div class=\"w-vwrapper us_custom_0e925513 align_left valign_top\"><div class=\"wpb_text_column us_custom_b24369e4 has_text_color\"><div class=\"wpb_wrapper\"><p>HELIPILOT<\/p>\n<\/div><\/div><div class=\"wpb_text_column us_custom_50b0902d has_text_color\"><div class=\"wpb_wrapper\"><p>SISTEMA DE ESTABILIZACI\u00d3N<br \/>\nDE VUELO<\/p>\n<\/div><\/div><div class=\"w-separator us_custom_6df4bc3a has_text_color size_custom with_line width_30 thick_2 style_solid color_text align_center\" style=\"height:3rem\"><div class=\"w-separator-h\"><\/div><\/div><div class=\"wpb_text_column us_custom_a01a4ec4 has_text_color\"><div class=\"wpb_wrapper\"><p>Sistema de asistencia a los controles de vuelo del helic\u00f3ptero, lo que se traduce en la reducci\u00f3n de carga de trabajo y fatiga al piloto.<\/p>\n<\/div><\/div><\/div><\/div><\/div><\/div><div class=\"vc_col-sm-6 wpb_column vc_column_container\"><div class=\"vc_column-inner\"><div class=\"wpb_wrapper\"><\/div><\/div><\/div><\/div><\/div><\/section><section class=\"l-section wpb_row height_custom\"><div class=\"l-section-h i-cf\"><div class=\"g-cols vc_row via_flex valign_top type_default stacking_default\"><div class=\"vc_col-sm-12 wpb_column vc_column_container\"><div class=\"vc_column-inner\"><div class=\"wpb_wrapper\"><div class=\"w-separator size_small\"><\/div><div class=\"w-video align_center ratio_custom\"><div class=\"w-video-h\" style=\"padding-bottom:43.75%\"><video  preload=\"metadata\" playsinline controls><source type=\"video\/mp4\" src=\"https:\/\/firefly.aero\/wp-content\/uploads\/2024\/10\/Firefly-helicopteros.mp4\" \/><\/video><\/div><div class=\"w-video-icon\" style=\"font-size:1.5rem;background:rgba(0,0,0,0.5);color:#fff\"><\/div><\/div><\/div><\/div><\/div><\/div><\/div><\/section>\n","protected":false},"excerpt":{"rendered":"SEGURIDAD Y TECNOLOG\u00cdA La mejor tecnolog\u00eda RESERVAHELIC\u00d3PTERO AGUSTA AW 119 MKII \u00daNICO HELIC\u00d3PTERO CON CAPACIDAD DE 7 PASAJEROS A BORDO, M\u00c1S PILOTO. HELIC\u00d3PTERO AUGUSTA, moderno sistema a\u00e9reo, que permite identificar aeronaves cercanas. Contiene GPS de \u00faltima generaci\u00f3n con gran pantalla de visualizaci\u00f3n, marca Garmin modelo 530w. Uso de software para el control de los datos...","protected":false},"author":3,"featured_media":0,"parent":0,"menu_order":0,"comment_status":"closed","ping_status":"closed","template":"","meta":{"footnotes":""},"class_list":["post-9658","page","type-page","status-publish","hentry"],"acf":[],"_links":{"self":[{"href":"https:\/\/firefly.aero\/index.php\/wp-json\/wp\/v2\/pages\/9658","targetHints":{"allow":["GET"]}}],"collection":[{"href":"https:\/\/firefly.aero\/index.php\/wp-json\/wp\/v2\/pages"}],"about":[{"href":"https:\/\/firefly.aero\/index.php\/wp-json\/wp\/v2\/types\/page"}],"author":[{"embeddable":true,"href":"https:\/\/firefly.aero\/index.php\/wp-json\/wp\/v2\/users\/3"}],"replies":[{"embeddable":true,"href":"https:\/\/firefly.aero\/index.php\/wp-json\/wp\/v2\/comments?post=9658"}],"version-history":[{"count":40,"href":"https:\/\/firefly.aero\/index.php\/wp-json\/wp\/v2\/pages\/9658\/revisions"}],"predecessor-version":[{"id":11029,"href":"https:\/\/firefly.aero\/index.php\/wp-json\/wp\/v2\/pages\/9658\/revisions\/11029"}],"wp:attachment":[{"href":"https:\/\/firefly.aero\/index.php\/wp-json\/wp\/v2\/media?parent=9658"}],"curies":[{"name":"wp","href":"https:\/\/api.w.org\/{rel}","templated":true}]}}